{"id":352,"date":"2020-04-28T09:24:35","date_gmt":"2020-04-28T09:24:35","guid":{"rendered":"http:\/\/ika-polska.pl\/?page_id=352"},"modified":"2023-10-13T07:36:30","modified_gmt":"2023-10-13T07:36:30","slug":"m-t-2020-s-de","status":"publish","type":"page","link":"https:\/\/ika-polska.pl\/index.php\/de\/m-t-2020-s-de\/","title":{"rendered":"M-T-2020 DE"},"content":{"rendered":"\n<p class=\"has-text-align-center\">Einer der ersten Antiviren-Desinfektionsspender, der mit einer Fu\u00dfsteuerung versehen ist und dadurch hygienischer ist als die herk\u00f6mmlichen per Hand betriebenen Desinfektionsspender.&nbsp;<\/p>\n\n\n\n<p class=\"has-text-align-center\">Er dient der Verhinderung und Eind\u00e4mmung von <strong>COVID-19<\/strong> und anderen Pandemien und Epidemien, insbesondere an Orten, an denen eine<br>H\u00e4ndedesinfektion erforderlich und eventuell gesetzlich verpflichtend ist<br>(beispielsweise Gesch\u00e4fte, Institutionen, \u00f6ffentliche Geb\u00e4ude, Industriezonen, Apotheken, Produktionshallen usw.). Die erneute \u00d6ffnung einiger Gesch\u00e4fte und zeitlich auch Restaurants ist an hygienische Standards beziehungsweise einen Hygieneplan gekoppelt. Ein frei beweglicher Desinfektionsspender verhilft bei der Durchsetzung eines Hygieneplans. Daf\u00fcr bieten wir:<\/p>\n\n\n\n<h3 class=\"wp-block-heading has-text-align-center\"><strong>ANTIVIREN-DESINFEKTIONSSPENDER , DER<br>MECHANISCH MIT EINER FU\u00dfBEDIENUNG BET\u00c4TIGT WIRD<br>Modell&nbsp;M-T-2020<\/strong><br>&#8211;<\/h3>\n\n\n\n<figure class=\"wp-block-gallery has-nested-images columns-default is-cropped wp-block-gallery-1 is-layout-flex wp-block-gallery-is-layout-flex\">\n<figure class=\"wp-block-image size-large\"><img loading=\"lazy\" decoding=\"async\" width=\"722\" height=\"1024\" data-id=\"346\" src=\"https:\/\/ika-polska.pl\/wp-content\/uploads\/2020\/04\/dozownik_mt2020s_broszura_en-722x1024.jpg\" alt=\"\" class=\"wp-image-346\" srcset=\"https:\/\/ika-polska.pl\/wp-content\/uploads\/2020\/04\/dozownik_mt2020s_broszura_en-722x1024.jpg 722w, https:\/\/ika-polska.pl\/wp-content\/uploads\/2020\/04\/dozownik_mt2020s_broszura_en-211x300.jpg 211w, https:\/\/ika-polska.pl\/wp-content\/uploads\/2020\/04\/dozownik_mt2020s_broszura_en-768x1090.jpg 768w, https:\/\/ika-polska.pl\/wp-content\/uploads\/2020\/04\/dozownik_mt2020s_broszura_en-1083x1536.jpg 1083w, https:\/\/ika-polska.pl\/wp-content\/uploads\/2020\/04\/dozownik_mt2020s_broszura_en-1444x2048.jpg 1444w, https:\/\/ika-polska.pl\/wp-content\/uploads\/2020\/04\/dozownik_mt2020s_broszura_en.jpg 1748w\" sizes=\"auto, (max-width: 722px) 100vw, 722px\" \/><figcaption class=\"wp-element-caption\">M-T-2020 S<\/figcaption><\/figure>\n\n\n\n<figure class=\"wp-block-image size-large\"><img loading=\"lazy\" decoding=\"async\" width=\"722\" height=\"1024\" data-id=\"348\" src=\"https:\/\/ika-polska.pl\/wp-content\/uploads\/2020\/04\/dozownik_mt2020c_broszura_en-722x1024.jpg\" alt=\"\" class=\"wp-image-348\" srcset=\"https:\/\/ika-polska.pl\/wp-content\/uploads\/2020\/04\/dozownik_mt2020c_broszura_en-722x1024.jpg 722w, https:\/\/ika-polska.pl\/wp-content\/uploads\/2020\/04\/dozownik_mt2020c_broszura_en-211x300.jpg 211w, https:\/\/ika-polska.pl\/wp-content\/uploads\/2020\/04\/dozownik_mt2020c_broszura_en-768x1090.jpg 768w, https:\/\/ika-polska.pl\/wp-content\/uploads\/2020\/04\/dozownik_mt2020c_broszura_en-1083x1536.jpg 1083w, https:\/\/ika-polska.pl\/wp-content\/uploads\/2020\/04\/dozownik_mt2020c_broszura_en-1444x2048.jpg 1444w, https:\/\/ika-polska.pl\/wp-content\/uploads\/2020\/04\/dozownik_mt2020c_broszura_en.jpg 1748w\" sizes=\"auto, (max-width: 722px) 100vw, 722px\" \/><figcaption class=\"wp-element-caption\">M-T-2020 C<\/figcaption><\/figure>\n<\/figure>\n\n\n\n<figure class=\"wp-block-table\"><table><tbody><tr><td class=\"has-text-align-center\" data-align=\"center\"><strong><a href=\"http:\/\/ika-polska.pl\/index.php\/de\/m-t-2020-s-de-2\">Lesen Sie weiter<\/a><\/strong> <strong><a href=\"http:\/\/ika-polska.pl\/\">&gt;<\/a><\/strong><\/td><td class=\"has-text-align-center\" data-align=\"center\"><strong><a href=\"http:\/\/ika-polska.pl\/index.php\/de\/m-t-2020c-deutsch\">Lesen Sie weiter<\/a><\/strong> <strong><a href=\"http:\/\/ika-polska.pl\/\">&gt;<\/a><\/strong><\/td><\/tr><\/tbody><\/table><\/figure>\n\n\n\n<p class=\"has-text-align-center border\">Zastosowane autorskie rozwi\u0105zania konstrukcyjne \u2013 <strong>prawem chronione<\/strong>.<br>Znak towarowy <strong>M-T-2020<\/strong> \u2013 zastrze\u017cony.<br>Ochrona prawna:<br>Kancelaria Prawna<br><strong>Bogdan Klimaszewski<\/strong><br>02-034 Warszawa ul. Wawelska 78\/5<\/p>\n","protected":false},"excerpt":{"rendered":"<p>Einer der ersten Antiviren-Desinfektionsspender, der mit einer Fu\u00dfsteuerung versehen ist und dadurch hygienischer ist als die herk\u00f6mmlichen per Hand betriebenen Desinfektionsspender.&nbsp; Er dient der Verhinderung und Eind\u00e4mmung von COVID-19 und anderen Pandemien und Epidemien, insbesondere an Orten, an denen eineH\u00e4ndedesinfektion erforderlich und eventuell gesetzlich verpflichtend ist(beispielsweise Gesch\u00e4fte, Institutionen, \u00f6ffentliche Geb\u00e4ude, Industriezonen, Apotheken, Produktionshallen usw.). Die erneute \u00d6ffnung einiger Gesch\u00e4fte und zeitlich auch Restaurants ist an hygienische Standards beziehungsweise einen Hygieneplan<\/p>\n<div class=\"read-more\"><a class=\"btn read-more-btn\" href=\"https:\/\/ika-polska.pl\/index.php\/de\/m-t-2020-s-de\/\">Read More<\/a><\/div>\n","protected":false},"author":1,"featured_media":0,"parent":0,"menu_order":0,"comment_status":"closed","ping_status":"closed","template":"","meta":{"ngg_post_thumbnail":0,"footnotes":""},"class_list":["post-352","page","type-page","status-publish","hentry"],"_links":{"self":[{"href":"https:\/\/ika-polska.pl\/index.php\/wp-json\/wp\/v2\/pages\/352","targetHints":{"allow":["GET"]}}],"collection":[{"href":"https:\/\/ika-polska.pl\/index.php\/wp-json\/wp\/v2\/pages"}],"about":[{"href":"https:\/\/ika-polska.pl\/index.php\/wp-json\/wp\/v2\/types\/page"}],"author":[{"embeddable":true,"href":"https:\/\/ika-polska.pl\/index.php\/wp-json\/wp\/v2\/users\/1"}],"replies":[{"embeddable":true,"href":"https:\/\/ika-polska.pl\/index.php\/wp-json\/wp\/v2\/comments?post=352"}],"version-history":[{"count":11,"href":"https:\/\/ika-polska.pl\/index.php\/wp-json\/wp\/v2\/pages\/352\/revisions"}],"predecessor-version":[{"id":528,"href":"https:\/\/ika-polska.pl\/index.php\/wp-json\/wp\/v2\/pages\/352\/revisions\/528"}],"wp:attachment":[{"href":"https:\/\/ika-polska.pl\/index.php\/wp-json\/wp\/v2\/media?parent=352"}],"curies":[{"name":"wp","href":"https:\/\/api.w.org\/{rel}","templated":true}]}}